divide 427500?
True
Is 220 a factor of 222860?
True
Is 5 a factor of 149326?
False
Is 188682 a multiple of 123?
True
Does 201 divide 506466?
False
Does 180 divide 168300?
True
Does 79 divide 4440748?
True
Is 259524 a multiple of 324?
True
Does 5 divide 1743100?
True
Does 134 divide 26666?
True
Is 150 a factor of 593400?
True
Is 1544417 a multiple of 89?
True
Does 22 divide 8351838?
True
Is 1003680 a multiple of 40?
True
Does 3 divide 305954?
False
Does 16 divide 251264?
True
Is 3280712 a multiple of 179?
True
Does 61 divide 3163987?
False
Does 225 divide 227475?
True
Is 28 a factor of 127218?
False
Is 109087 a multiple of 80?
False
Is 43 a factor of 829673?
False
Is 648 a factor of 4912488?
True
Is 7003140 a multiple of 131?
False
Does 58 divide 401650?
True
Does 40 divide 1484591?
False
Is 643 a factor of 5894935?
False
Is 100 a factor of 2908300?
True
Does 14 divide 31234?
True
Is 1273984 a multiple of 296?
True
Does 26 divide 146926?
True
Is 6 a factor of 12840?
True
Is 99705 a multiple of 77?
False
Is 2435577 a multiple of 459?
False
Is 16 a factor of 2408896?
True
Does 67 divide 87770?
True
Is 4175 a multiple of 6?
False
Does 18 divide 3722940?
True
Does 323 divide 596953?
False
Is 7 a factor of 80003?
True
Does 9 divide 2862?
True
Is 28 a factor of 94024?
True
Is 549 a factor of 3753513?
True
Is 5 a factor of 905194?
False
Is 1963732 a multiple of 3?
False
Does 44 divide 393909?
False
Is 268 a factor of 20705310?
False
Does 1536 divide 15496277?
False
Is 45060 a multiple of 10?
True
Is 1826055 a multiple of 99?
True
Is 158401 a multiple of 71?
True
Is 2300992 a multiple of 64?
True
Is 7156695 a multiple of 516?
False
Is 34 a factor of 56576?
True
Is 25795671 a multiple of 960?
False
Is 234923 a multiple of 627?
False
Does 178 divide 429514?
True
Is 1390 a factor of 4635650?
True
Is 1360439 a multiple of 179?
False
Is 4 a factor of 3760669?
False
Does 65 divide 7621315?
True
Does 39 divide 567195?
False
Is 430336 a multiple of 656?
True
Is 3187110 a multiple of 186?
True
Is 294999 a multiple of 107?
True
Is 59 a factor of 766115?
True
Is 1013576 a multiple of 67?
True
Is 40 a factor of 751934?
False
Is 468 a factor of 111496?
False
Is 52 a factor of 2115720?
False
Is 2723640 a multiple of 107?
False
Does 244 divide 1012670?
False
Is 13 a factor of 203905?
True
Does 284 divide 4475556?
True
Is 2344765 a multiple of 5?
True
Is 59 a factor of 50204?
False
Is 332775 a multiple of 17?
True
Is 154336 a multiple of 91?
True
Is 381 a factor of 1461575?
False
Does 40 divide 1236815?
False
Is 540030 a multiple of 167?
False
Does 69 divide 209760?
True
Is 1032087 a multiple of 119?
True
Does 310 divide 774661?
False
Does 1061 divide 1196808?
True
Is 5428605 a multiple of 11?
False
Is 675 a factor of 8256652?
False
Does 14 divide 203701?
False
Is 372172 a multiple of 4?
True
Is 18 a factor of 687960?
True
Is 1242423 a multiple of 63?
True
Is 570167 a multiple of 61?
True
Is 902494 a multiple of 94?
True
Does 204 divide 24480?
True
Is 248050 a multiple of 50?
True
Is 1011173 a multiple of 37?
True
Does 10 divide 367800?
True
Is 231897 a multiple of 4?
False
Does 693 divide 3990987?
True
Does 282 divide 3038331?
False
Is 91432 a multiple of 88?
True
Is 154 a factor of 399789?
False
Is 267134 a multiple of 21?
False
Does 17 divide 99569?
True
Is 402 a factor of 778292?
False
Is 74417 a multiple of 534?
False
Is 745 a factor of 1241170?
True
Does 1143 divide 4936617?
True
Is 527551 a multiple of 187?
False
Is 32 a factor of 209664?
True
Is 57 a factor of 3925515?
False
Is 1567 even?
False
Is 1005830 a multiple of 23?
False
Does 1017 divide 4473783?
True
Is 26 a factor of 2838671?
False
Does 137 divide 2945852?
False
Is 118 a factor of 402026?
True
Is 16839 a multiple of 17?
False
Is 15876060 a multiple of 30?
True
Is 25 a factor of 590884?
False
Is 466604 a multiple of 728?
False
Does 249 divide 301834?
False
Is 149 a factor of 96423?
False
Is 5 a factor of 12558?
False
Does 306 divide 942141?
False
Is 2528160 a multiple of 48?
True
Is 423535 a multiple of 44?
False
Does 91 divide 11752013?
True
Is 497 a factor of 85981?
True
Is 262646 a multiple of 22?
False
Is 63560 a multiple of 40?
True
Is 7171200 a multiple of 800?
True
Is 354347 a multiple of 128?
False
Is 784576 a multiple of 164?
True
Does 28 divide 6723472?
True
Is 16 a factor of 1484933?
False
Does 117 divide 165089?
False
Does 102 divide 7920198?
True
Does 435 divide 825630?
True
Is 503816 a multiple of 549?
False
Is 11 a factor of 3686344?
False
Is 2 a factor of 13515?
False
Is 2119590 a multiple of 11?
True
Is 536300 a multiple of 20?
True
Does 69 divide 2374428?
True
Does 347 divide 3702023?
False
Is 4412776 a multiple of 21?
False
Is 123751 a multiple of 17?
False
Is 245983 a multiple of 53?
False
Is 849434 a multiple of 227?
True
Is 78 a factor of 143661?
False
Is 14 a factor of 720328?
True
Does 534 divide 2588298?
True
Is 721868 a multiple of 812?
True
Does 26 divide 318128?
False
Does 19 divide 158760?
False
Is 48801 a multiple of 2?
False
Is 186344 a multiple of 16?
False
Is 17358 a multiple of 6?
True
Does 250 divide 5909500?
True
Is 1323 a factor of 1163128?
False
Does 12 divide 835013?
False
Is 172516 a multiple of 118?
True
Is 43 a factor of 64328?
True
Is 117 a factor of 14157?
True
Does 248 divide 1747160?
True
Is 419580 a multiple of 162?
True
Does 9 divide 182961?
True
Does 34 divide 9248526?
False
Is 111 a factor of 396492?
True
Does 59 divide 43672?
False
Is 37 a factor of 1788802?
True
Does 31 divide 3650417?
False
Does 8 divide 907360?
True
Is 64503 a multiple of 134?
False
Is 168439 a multiple of 21?
False
Is 308240 a multiple of 16?
True
Does 67 divide 53734?
True
Is 10 a factor of 309780?
True
Is 69 a factor of 341757?
True
Is 1256927 a multiple of 161?
True
Is 31 a factor of 1139769?
False
Is 4 a factor of 12423?
False
Does 110 divide 304445?
False
Is 45 a factor of 746415?
True
Is 467 a factor of 1957664?
True
Is 28900470 a multiple of 15?
True
Does 45 divide 178695?
True
Is 23 a factor of 77086?
False
Does 24 divide 42067?
False
Does 13 divide 18548231?
True
Does 374 divide 764456?
True
Is 153 a factor of 385242?
False
Is 753 a factor of 889418?
False
Does 6 divide 156654?
True
Does 24 divide 3584688?
True
Does 261 divide 437475?
False
Does 8 divide 169412?
False
Does 19 divide 5937728?
True
Is 19 a factor of 988614?
False
Does 489 divide 2386004?
False
Is 52783 a multiple of 117?
False
Is 46 a factor of 223293?
False
Does 7 divide 929449?
False
Is 84 a factor of 78214?
False
Does 283 divide 103931?
False
Is 103408 a multiple of 16?
True
Is 808321 a multiple of 20?
False
Is 20 a factor of 980120?
True
Is 40310 a multiple of 37?
False
Is 147581 a multiple of 17?
False
Is 206220 a multiple of 70?
True
Is 29615 a multiple of 5?
True
Does 50 divide 74050?
True
Is 5469970 a multiple of 55?
True
Is 7 a factor of 198499?
True
Is 12716 a multiple of 11?
True
Is 19 a factor of 1298918?
False
Does 18 divide 12784011?
False
Is 4 a factor of 1294064?
True
Is 550 a factor of 125960?
False
Does 81 divide 909468?
True
Is 10 a factor of 881?
False
Is 555 a factor of 1620146?
False
Does 60 divide 10698000?
True
Does 102 divide 129030?
True
Is 4473495 a multiple of 84?
False
Is 19 a factor of 247371?
False
Is 19 a factor of 605208?
False
Is 35 a factor of 1471750?
True
Is 321 a factor of 124370?
False
Does 19 divide 78114?
False
Does 10 divide 32624?
False
Is 10165173 a multiple of 103?
True
Is 1106 a factor of 2862328?
True
Is 1755567 a multiple of 253?
True
Is 1011361 a multiple of 303?
False
Is 2470770 a multiple of 135?
True
Does 13 divide 5214839?
False
Is 355709 a multiple of 227?
True
Is 4275068 a multiple of 7?
True
Is 9924772 a multiple of 22?
True
Is 130650 a multiple of 26?
True
Does 248 divide 543120?
True
Is 12588932 a multiple of 23?
False
Does 14 divide 1486730?
True
Does 52 divide 638508?
True
Is 19 a factor of 96463?
True
Does 21 divide 10878?
True
Does 3 divide 103374?
True
Is 109 a factor of 7358808?
True
Is 57 a factor of 20520?
True
Is 38 a factor of 247494?
True
Is 166255 a multiple of 14?
False
Is 412180 a multiple of 20?
True
Is 1082714 a multiple of 97?
True
Is 66168 a multiple of 3?
True
Is 143877 a multiple of 2?
False
Is 12 a factor of 15156?
True
Is 1